{"id":4994,"date":"2021-03-17T12:11:20","date_gmt":"2021-03-17T12:11:20","guid":{"rendered":"https:\/\/themeforest.unitedthemes.com\/wpversions\/brooklyn\/xml\/demo43-dark\/?page_id=4994"},"modified":"2026-04-29T14:16:46","modified_gmt":"2026-04-29T14:16:46","slug":"about","status":"publish","type":"page","link":"https:\/\/icestrategiasysolucionestributarias.com\/?page_id=4994","title":{"rendered":"About"},"content":{"rendered":"<div class=\"wpb-content-wrapper\"><p>[vc_section el_name=\u00bbAbout\u00bb][vc_row full_width=\u00bb\u00bb equal_height=\u00bbyes\u00bb content_placement=\u00bbmiddle\u00bb hide_bg_mobile=\u00bbtrue\u00bb delay=\u00bbtrue\u00bb css=\u00bb.vc_custom_1777089059830{margin-top: -150px !important;background-position: 0 0 !important;background-repeat: no-repeat !important;}\u00bb el_name=\u00bbRow has animation\u00bb effect=\u00bbfadeIn\u00bb][vc_column width=\u00bb1\/2&#8243; background_position=\u00bbleft top\u00bb hide_bg_mobile=\u00bbtrue\u00bb css=\u00bb.vc_custom_1616727130220{background-image: url(https:\/\/icestrategiasysolucionestributarias.com\/wp-content\/uploads\/2021\/03\/ut-dots-dark.svg?id=9686) !important;background-position: 0 0 !important;background-repeat: no-repeat !important;}\u00bb effect=\u00bbnone\u00bb offset=\u00bbvc_col-lg-6 vc_col-md-6 vc_col-sm-6 vc_col-xs-12&#8243; el_class=\u00bbwebsite-49-custom-box\u00bb]<style type=\"text\/css\">#ut_custom_heading6a009f3367be2 { color:#1447ec; }#ut_custom_heading6a009f3367be2 { font-size:20px !important;line-height:28px !important; }#ut_custom_heading6a009f3367be2 { text-align:left; }@media (min-width: 768px) and (max-width: 1024px) { #ut_custom_heading6a009f3367be2 { text-align:left; } }@media (max-width: 767px) { #ut_custom_heading6a009f3367be2 { text-align:center; } }<\/style><h4 id=\"ut_custom_heading6a009f3367be2\" data-responsive-font=\"h4\" data-responsive-font-settings=\"{&quot;base-font-size&quot;:&quot;20&quot;,&quot;font-size-unit&quot;:&quot;px&quot;,&quot;font-size&quot;:{&quot;desktop_large&quot;:&quot;20&quot;},&quot;base-line-height&quot;:&quot;global&quot;,&quot;line-height&quot;:{&quot;desktop_large&quot;:&quot;28&quot;},&quot;base-letter-spacing&quot;:&quot;global&quot;}\" class=\"ut-custom-heading-module  \" ><span class=\"\" >A cerca de nosotros<\/span><\/h4><div class=\"wpb_content_element  vc_custom_1777472204058\"><style type=\"text\/css\">#ut_header_6a009f336a313 h2.section-title, #ut_header_6a009f336a313 h2.section-title span { color:#052566; }#ut_header_6a009f336a313 h2.section-title { font-size:60px !important;line-height:70px !important;letter-spacing:-0.03em; }<\/style><header id=\"ut_header_6a009f336a313\" class=\"section-header  ut-no-title-linebreak-mobile ut-no-lead-linebreak-mobile pt-style-7 header-left header-tablet-left header-mobile-center element-with-custom-line-height\"><div class=\"element-with-custom-line-height\" ><h2 data-title=\"IC Estrategias y Soluciones Tributarias\"  data-responsive-font=\"section_title\" data-responsive-font-settings=\"{&quot;base-font-size&quot;:&quot;global&quot;,&quot;font-size&quot;:{&quot;desktop_large&quot;:&quot;60&quot;},&quot;base-line-height&quot;:&quot;global&quot;,&quot;line-height&quot;:{&quot;desktop_large&quot;:&quot;70&quot;},&quot;base-letter-spacing&quot;:&quot;global&quot;,&quot;letter-spacing&quot;:{&quot;desktop_large&quot;:&quot;-0.03&quot;}}\" class=\"section-title  \"><span>IC Estrategias y Soluciones Tributarias<\/span><\/h2><\/div><div data-delay=\"0\" class=\"lead \"><p>somos un equipo comprometido con brindar asesor\u00eda contable y tributaria confiable, oportuna y adaptada a las necesidades de cada cliente. Nos enfocamos en ayudar a empresas y emprendedores a mantener el orden financiero, cumplir con sus obligaciones y tomar decisiones estrat\u00e9gicas para su crecimiento.<\/p>\n<\/div><\/header><\/div><style type=\"text\/css\">#bklyn_btn_6a009f336a7f2 .bklyn-btn { color:#ffffff !important; border-radius:5px !important; background-color:#0040ff !important; }#bklyn_btn_6a009f336a7f2 .bklyn-btn:hover{ color:#ffffff !important; background-color:#113bc5 !important; }#bklyn_btn_6a009f336a7f2 .bklyn-btn:focus{ color:#ffffff !important; background-color:#113bc5 !important; }#bklyn_btn_6a009f336a7f2 .bklyn-btn:active { color:#ffffff !important; background-color:#113bc5 !important; }#bklyn_btn_6a009f336a7f2 .bklyn-btn::after{ color:#ffffff !important; }#bklyn_btn_6a009f336a7f2 a.bklyn-btn { font-weight:500 !important; }#bklyn_btn_6a009f336a7f2.bklyn-btn-header a.bklyn-btn { font-weight:500 !important; }#bklyn_btn_6a009f336a7f2.bklyn-btn-header a.bklyn-btn span { font-weight:500 !important; }#bklyn_btn_6a009f336a7f2 a.bklyn-btn { font-family:inherit !important; }#bklyn_btn_6a009f336a7f2 a.bklyn-btn { text-transform:none !important; }<\/style><div id=\"bklyn_btn_6a009f336a7f2\" class=\"bklyn-btn-holder  bklyn-btn-left bklyn-btn-tablet-left bklyn-btn-mobile-center\"><a title=\"\" data-text=\"Contactar Ahora\"  href=\"https:\/\/icestrategiasysolucionestributarias.com\" target=\"_blank\" class=\"bklyn-btn  bklyn-btn-with-effect bklyn-btn-effect-winona bklyn-btn-normal\" ><span class=\"ut-btn-text\"><span>Contactar Ahora<\/span><\/span><\/a><\/div>[\/vc_column][vc_column width=\u00bb1\/2&#8243; css=\u00bb.vc_custom_1616080914246{padding-top: 0px !important;padding-right: 0px !important;padding-left: 0px !important;}\u00bb offset=\u00bbvc_col-lg-offset-1 vc_col-lg-5 vc_col-md-offset-1 vc_col-md-5 vc_col-sm-offset-1 vc_col-sm-5 vc_col-xs-12&#8243;]<div  class=\"wpb_content_element   vc_custom_1777471932758 clearfix\"><style type=\"text\/css\">#ut_am_6a009f336aa30 { opacity: 1; }#ut_am_wrap_6a009f336aa31 .ut-image-gallery-item-caption-title h3 { letter-spacing: 0em; }#ut_am_wrap_6a009f336aa31 .ut-gallery-slider-caption { font-weight: bold; }#ut_am_wrap_6a009f336aa31 { text-align: center; }@media (min-width: 768px) and (max-width: 1024px) { #ut_am_wrap_6a009f336aa31 { text-align: center !important; } }@media (max-width: 767px) { #ut_am_wrap_6a009f336aa31 { text-align: center !important; } }<\/style><div id=\"ut_am_wrap_6a009f336aa31\" class=\"ut-image-gallery-image  ut-reveal-fx ut-element-with-block-reveal\"><div id=\"ut_reveal_6a009f336aa32\" data-reveal-bgcolor=\"#000000\" data-reveal-direction=\"rl\" data-reveal-duration=\"600\" data-reveal-delay=\"0\" data-appear-top-offset=\"auto\" class=\"ut-animated-image-item ut-image-gallery-item ut-animation-done ut-reveal-fx-element ut-block-reveal-hide\"><a class=\"ut-deactivated-link\" href=\"#\"><div class=\"ut-animated-image-zoom\"><img loading=\"lazy\" decoding=\"async\" class=\"ut-lazy skip-lazy ut-animated-image \"  id=\"ut_am_6a009f336aa30\" src=\"data:image\/svg+xml;charset=utf-8,%3Csvg xmlns%3D'http%3A%2F%2Fwww.w3.org%2F2000%2Fsvg' viewBox%3D'0 0 995 937'%2F%3E\" data-src=\"https:\/\/icestrategiasysolucionestributarias.com\/wp-content\/uploads\/2026\/04\/fondo-nosotros.png\" width=\"995\" height=\"937\" alt=\"\"\/><\/div><\/a><\/div><\/div><\/div>[\/vc_column][\/vc_row][\/vc_section][vc_section el_name=\u00bbRecipe for Success\u00bb][vc_row gap=\u00bb40&#8243; equal_height=\u00bbyes\u00bb content_placement=\u00bbtop\u00bb delay=\u00bbtrue\u00bb el_name=\u00bbRow has animation\u00bb effect=\u00bbfadeIn\u00bb][vc_column width=\u00bb1\/3&#8243; css=\u00bb.vc_custom_1616733228790{background-color: #000000 !important;border-radius: 5px !important;}\u00bb]<style type=\"text\/css\">#ut_custom_heading6a009f336ab20 { color:#ffffff; }#ut_custom_heading6a009f336ab20 { font-family: \"Montserrat\";font-weight:200;font-style:normal; }#ut_custom_heading6a009f336ab20 { font-size:40px !important;line-height:120% !important; }@media (min-width: 1025px) and (max-width: 1679px) {#ut_custom_heading6a009f336ab20 { line-height:120% !important; }}@media (min-width: 768px) and (max-width: 1024px) {#ut_custom_heading6a009f336ab20 { line-height:120% !important; }}@media (max-width: 767px) {#ut_custom_heading6a009f336ab20 { line-height:120% !important; }}#ut_custom_heading6a009f336ab20 { text-align:center; }@media (min-width: 768px) and (max-width: 1024px) { #ut_custom_heading6a009f336ab20 { text-align:center; } }@media (max-width: 767px) { #ut_custom_heading6a009f336ab20 { text-align:center; } }<\/style><div id=\"ut_custom_heading6a009f336ab20\" data-responsive-font=\"div\" data-responsive-font-settings=\"{&quot;base-font-size&quot;:&quot;40&quot;,&quot;font-size-unit&quot;:&quot;px&quot;,&quot;font-size&quot;:{&quot;desktop_large&quot;:&quot;40&quot;},&quot;base-line-height&quot;:&quot;120&quot;,&quot;line-height-unit&quot;:&quot;%&quot;,&quot;line-height&quot;:{&quot;desktop_large&quot;:&quot;120&quot;,&quot;desktop_small&quot;:&quot;120&quot;,&quot;tablet&quot;:&quot;120&quot;,&quot;mobile&quot;:&quot;120&quot;},&quot;base-letter-spacing&quot;:&quot;global&quot;}\" class=\"ut-custom-heading-module  \" ><span class=\"\" >0 Multas<\/span><\/div>[vc_empty_space height=\u00bb10&#8243;]<style type=\"text\/css\">#ut_custom_heading6a009f336ab9b { color:rgba(255, 255, 255, 0.7); }#ut_custom_heading6a009f336ab9b { font-size:12px !important;line-height:180% !important; }@media (min-width: 1025px) and (max-width: 1679px) {#ut_custom_heading6a009f336ab9b { line-height:180% !important; }}@media (min-width: 768px) and (max-width: 1024px) {#ut_custom_heading6a009f336ab9b { line-height:180% !important; }}@media (max-width: 767px) {#ut_custom_heading6a009f336ab9b { line-height:180% !important; }}#ut_custom_heading6a009f336ab9b { text-align:center; }@media (min-width: 768px) and (max-width: 1024px) { #ut_custom_heading6a009f336ab9b { text-align:center; } }@media (max-width: 767px) { #ut_custom_heading6a009f336ab9b { text-align:center; } }<\/style><div id=\"ut_custom_heading6a009f336ab9b\" data-responsive-font=\"div\" data-responsive-font-settings=\"{&quot;base-font-size&quot;:&quot;12&quot;,&quot;font-size-unit&quot;:&quot;px&quot;,&quot;font-size&quot;:{&quot;desktop_large&quot;:&quot;12&quot;},&quot;base-line-height&quot;:&quot;180&quot;,&quot;line-height-unit&quot;:&quot;%&quot;,&quot;line-height&quot;:{&quot;desktop_large&quot;:&quot;180&quot;,&quot;desktop_small&quot;:&quot;180&quot;,&quot;tablet&quot;:&quot;180&quot;,&quot;mobile&quot;:&quot;180&quot;},&quot;base-letter-spacing&quot;:&quot;global&quot;}\" class=\"ut-custom-heading-module  \" ><span class=\"\" >Nuestro enfoque preventivo garantiza que el 100% de nuestros clientes cumplan con sus obligaciones fiscales sin contingencias ante la SUNAT.<\/span><\/div>[vc_empty_space][\/vc_column][vc_column width=\u00bb1\/3&#8243; css=\u00bb.vc_custom_1616733233480{background-color: #000000 !important;border-radius: 5px !important;}\u00bb]<style type=\"text\/css\">#ut_custom_heading6a009f336ac0e { color:#ffffff; }#ut_custom_heading6a009f336ac0e { font-family: \"Montserrat\";font-weight:200;font-style:normal; }#ut_custom_heading6a009f336ac0e { font-size:40px !important;line-height:120% !important; }@media (min-width: 1025px) and (max-width: 1679px) {#ut_custom_heading6a009f336ac0e { line-height:120% !important; }}@media (min-width: 768px) and (max-width: 1024px) {#ut_custom_heading6a009f336ac0e { line-height:120% !important; }}@media (max-width: 767px) {#ut_custom_heading6a009f336ac0e { line-height:120% !important; }}#ut_custom_heading6a009f336ac0e { text-align:center; }@media (min-width: 768px) and (max-width: 1024px) { #ut_custom_heading6a009f336ac0e { text-align:center; } }@media (max-width: 767px) { #ut_custom_heading6a009f336ac0e { text-align:center; } }<\/style><div id=\"ut_custom_heading6a009f336ac0e\" data-responsive-font=\"div\" data-responsive-font-settings=\"{&quot;base-font-size&quot;:&quot;40&quot;,&quot;font-size-unit&quot;:&quot;px&quot;,&quot;font-size&quot;:{&quot;desktop_large&quot;:&quot;40&quot;},&quot;base-line-height&quot;:&quot;120&quot;,&quot;line-height-unit&quot;:&quot;%&quot;,&quot;line-height&quot;:{&quot;desktop_large&quot;:&quot;120&quot;,&quot;desktop_small&quot;:&quot;120&quot;,&quot;tablet&quot;:&quot;120&quot;,&quot;mobile&quot;:&quot;120&quot;},&quot;base-letter-spacing&quot;:&quot;global&quot;}\" class=\"ut-custom-heading-module  \" ><span class=\"\" >+100 clientes<\/span><\/div>[vc_empty_space height=\u00bb10&#8243;]<style type=\"text\/css\">#ut_custom_heading6a009f336ac4b { color:rgba(255, 255, 255, 0.7); }#ut_custom_heading6a009f336ac4b { font-size:12px !important;line-height:180% !important; }@media (min-width: 1025px) and (max-width: 1679px) {#ut_custom_heading6a009f336ac4b { line-height:180% !important; }}@media (min-width: 768px) and (max-width: 1024px) {#ut_custom_heading6a009f336ac4b { line-height:180% !important; }}@media (max-width: 767px) {#ut_custom_heading6a009f336ac4b { line-height:180% !important; }}#ut_custom_heading6a009f336ac4b { text-align:center; }@media (min-width: 768px) and (max-width: 1024px) { #ut_custom_heading6a009f336ac4b { text-align:center; } }@media (max-width: 767px) { #ut_custom_heading6a009f336ac4b { text-align:center; } }<\/style><div id=\"ut_custom_heading6a009f336ac4b\" data-responsive-font=\"div\" data-responsive-font-settings=\"{&quot;base-font-size&quot;:&quot;12&quot;,&quot;font-size-unit&quot;:&quot;px&quot;,&quot;font-size&quot;:{&quot;desktop_large&quot;:&quot;12&quot;},&quot;base-line-height&quot;:&quot;180&quot;,&quot;line-height-unit&quot;:&quot;%&quot;,&quot;line-height&quot;:{&quot;desktop_large&quot;:&quot;180&quot;,&quot;desktop_small&quot;:&quot;180&quot;,&quot;tablet&quot;:&quot;180&quot;,&quot;mobile&quot;:&quot;180&quot;},&quot;base-letter-spacing&quot;:&quot;global&quot;}\" class=\"ut-custom-heading-module  \" ><span class=\"\" >M\u00e1s de 500 empresas y emprendedores conf\u00edan en nuestra asesor\u00eda para mantener sus cuentas claras y sus impuestos al d\u00eda.<\/span><\/div>[vc_empty_space][\/vc_column][vc_column width=\u00bb1\/3&#8243; css=\u00bb.vc_custom_1616733237593{background-color: #000000 !important;border-radius: 5px !important;}\u00bb]<style type=\"text\/css\">#ut_custom_heading6a009f336ac89 { color:#ffffff; }#ut_custom_heading6a009f336ac89 { font-family: \"Montserrat\";font-weight:200;font-style:normal; }#ut_custom_heading6a009f336ac89 { font-size:40px !important;line-height:120% !important; }@media (min-width: 1025px) and (max-width: 1679px) {#ut_custom_heading6a009f336ac89 { line-height:120% !important; }}@media (min-width: 768px) and (max-width: 1024px) {#ut_custom_heading6a009f336ac89 { line-height:120% !important; }}@media (max-width: 767px) {#ut_custom_heading6a009f336ac89 { line-height:120% !important; }}#ut_custom_heading6a009f336ac89 { text-align:center; }@media (min-width: 768px) and (max-width: 1024px) { #ut_custom_heading6a009f336ac89 { text-align:center; } }@media (max-width: 767px) { #ut_custom_heading6a009f336ac89 { text-align:center; } }<\/style><div id=\"ut_custom_heading6a009f336ac89\" data-responsive-font=\"div\" data-responsive-font-settings=\"{&quot;base-font-size&quot;:&quot;40&quot;,&quot;font-size-unit&quot;:&quot;px&quot;,&quot;font-size&quot;:{&quot;desktop_large&quot;:&quot;40&quot;},&quot;base-line-height&quot;:&quot;120&quot;,&quot;line-height-unit&quot;:&quot;%&quot;,&quot;line-height&quot;:{&quot;desktop_large&quot;:&quot;120&quot;,&quot;desktop_small&quot;:&quot;120&quot;,&quot;tablet&quot;:&quot;120&quot;,&quot;mobile&quot;:&quot;120&quot;},&quot;base-letter-spacing&quot;:&quot;global&quot;}\" class=\"ut-custom-heading-module  \" ><span class=\"\" >+ 30% Ahorro<\/span><\/div>[vc_empty_space height=\u00bb10&#8243;]<style type=\"text\/css\">#ut_custom_heading6a009f336acb4 { color:rgba(255, 255, 255, 0.7); }#ut_custom_heading6a009f336acb4 { font-size:12px !important;line-height:180% !important; }@media (min-width: 1025px) and (max-width: 1679px) {#ut_custom_heading6a009f336acb4 { line-height:180% !important; }}@media (min-width: 768px) and (max-width: 1024px) {#ut_custom_heading6a009f336acb4 { line-height:180% !important; }}@media (max-width: 767px) {#ut_custom_heading6a009f336acb4 { line-height:180% !important; }}#ut_custom_heading6a009f336acb4 { text-align:center; }@media (min-width: 768px) and (max-width: 1024px) { #ut_custom_heading6a009f336acb4 { text-align:center; } }@media (max-width: 767px) { #ut_custom_heading6a009f336acb4 { text-align:center; } }<\/style><div id=\"ut_custom_heading6a009f336acb4\" data-responsive-font=\"div\" data-responsive-font-settings=\"{&quot;base-font-size&quot;:&quot;12&quot;,&quot;font-size-unit&quot;:&quot;px&quot;,&quot;font-size&quot;:{&quot;desktop_large&quot;:&quot;12&quot;},&quot;base-line-height&quot;:&quot;180&quot;,&quot;line-height-unit&quot;:&quot;%&quot;,&quot;line-height&quot;:{&quot;desktop_large&quot;:&quot;180&quot;,&quot;desktop_small&quot;:&quot;180&quot;,&quot;tablet&quot;:&quot;180&quot;,&quot;mobile&quot;:&quot;180&quot;},&quot;base-letter-spacing&quot;:&quot;global&quot;}\" class=\"ut-custom-heading-module  \" ><span class=\"\" >Ayudamos a las empresas a optimizar su carga tributaria legalmente, logrando un ahorro significativo en su flujo de caja anual.<\/span><\/div>[vc_empty_space][\/vc_column][\/vc_row][vc_row][vc_column width=\u00bb2\/3&#8243; offset=\u00bbvc_col-lg-8 vc_col-md-8 vc_col-sm-7 vc_col-xs-12&#8243;]<div data-cursor-skin=\"dark\" class=\"wpb_content_element   clearfix\"><style type=\"text\/css\">#ut_am_6a009f336b147 { opacity: 1; }#ut_am_wrap_6a009f336b148 .ut-image-gallery-item.ut-animation-done:hover .ut-image-gallery-image-caption, #ut_am_wrap_6a009f336b148 .ut-image-gallery-item.ut-element-is-animating:hover .ut-image-gallery-image-caption { background: rgba(19, 22, 27, 0.5); }#ut_am_wrap_6a009f336b148 .ut-image-gallery-item .ut-image-gallery-image-caption-style-2 { background: rgba(19, 22, 27, 0.5); }#ut_am_wrap_6a009f336b148 .ut-image-gallery-item-caption-title h3 { letter-spacing: 0em; }#ut_am_wrap_6a009f336b148 .ut-gallery-slider-caption { font-weight: bold; }#ut_am_wrap_6a009f336b148 { text-align: center; }@media (min-width: 768px) and (max-width: 1024px) { #ut_am_wrap_6a009f336b148 { text-align: center !important; } }@media (max-width: 767px) { #ut_am_wrap_6a009f336b148 { text-align: center !important; } }<\/style><div id=\"ut_am_wrap_6a009f336b148\" class=\"ut-image-gallery-image  ut-reveal-fx ut-element-with-block-reveal\"><div id=\"ut_reveal_6a009f336b149\" data-reveal-bgcolor=\"#13161b\" data-reveal-direction=\"lr\" data-reveal-duration=\"600\" data-reveal-delay=\"0\" data-appear-top-offset=\"auto\" class=\"ut-animated-image-item ut-image-gallery-item ut-animation-done ut-reveal-fx-element ut-block-reveal-hide\"><a data-exthumbimage=\"https:\/\/icestrategiasysolucionestributarias.com\/wp-content\/uploads\/2026\/04\/equipo-200x200.jpg\" href=\"https:\/\/icestrategiasysolucionestributarias.com\/wp-content\/uploads\/2026\/04\/equipo.jpg\" class=\"ut-vc-images-lightbox ut-wait-for-plugin\" data-title=\"Nuestro Equipo IC\" data-caption=\"Expertos contables y tributarios comprometidos con la seguridad financiera de tu empresa. Tu tranquilidad es nuestra prioridad.\" data-caption-color=\"\" data-caption-background=\"\" data-force-caption=\"on\"><div class=\"ut-animated-image-zoom\"><img loading=\"lazy\" decoding=\"async\" class=\"ut-lazy skip-lazy ut-animated-image \"  id=\"ut_am_6a009f336b147\" src=\"data:image\/svg+xml;charset=utf-8,%3Csvg xmlns%3D'http%3A%2F%2Fwww.w3.org%2F2000%2Fsvg' viewBox%3D'0 0 893 534'%2F%3E\" data-src=\"https:\/\/icestrategiasysolucionestributarias.com\/wp-content\/uploads\/2026\/04\/equipo-893x534.jpg\" width=\"893\" height=\"534\" alt=\"Positive successful business team posing at workplace. Group of four managers standing at meeting table with arms crossed. Successful teamwork concept\"\/><\/div><div data-image-caption class=\"ut-image-gallery-image-caption\"><div class=\"ut-image-gallery-item-caption-title\"><h3>Nuestro Equipo IC<br \/><small>Expertos contables y tributarios comprometidos con la seguridad financiera de tu empresa. Tu tranquilidad es nuestra prioridad.<\/small><\/h3><\/div><\/div><\/a><\/div><\/div><\/div>[\/vc_column][vc_column width=\u00bb1\/3&#8243; offset=\u00bbvc_col-lg-4 vc_col-md-4 vc_col-sm-5 vc_col-xs-12&#8243;]<div data-cursor-skin=\"dark\" class=\"wpb_content_element   clearfix\"><style type=\"text\/css\">#ut_am_6a009f336ba31 { opacity: 1; }#ut_am_wrap_6a009f336ba32 .ut-image-gallery-item-caption-title h3 { color: #ffffff; }#ut_am_wrap_6a009f336ba32 .ut-image-gallery-item-caption-title-style-2 h3 { color: #ffffff; }#ut_am_wrap_6a009f336ba32 .ut-image-gallery-item.ut-animation-done:hover .ut-image-gallery-image-caption, #ut_am_wrap_6a009f336ba32 .ut-image-gallery-item.ut-element-is-animating:hover .ut-image-gallery-image-caption { background: #0040ff; }#ut_am_wrap_6a009f336ba32 .ut-image-gallery-item .ut-image-gallery-image-caption-style-2 { background: #0040ff; }@media (min-width: 768px) { #ut_am_wrap_6a009f336ba32 .ut-animated-image-item a { padding-right: 40px; } }@media (min-width: 768px) { #ut_am_wrap_6a009f336ba32 .ut-box-shadow-container { margin-right: 40px; } }#ut_am_wrap_6a009f336ba32 .ut-animated-image-zoom::after { background: url(https:\/\/icestrategiasysolucionestributarias.com\/wp-content\/uploads\/2026\/04\/equipo-02-426x534.jpg); }#ut_am_wrap_6a009f336ba32 .ut-image-gallery-item-caption-title-style-2 h3 { line-height: 125%; }#ut_am_wrap_6a009f336ba32 .ut-image-gallery-item-caption-title-style-2 h3 { letter-spacing: 0em; }#ut_am_wrap_6a009f336ba32 .ut-image-gallery-item-caption-title-style-2 h3 { font-size: 16px; }#ut_am_wrap_6a009f336ba32 .ut-gallery-slider-caption { font-weight: bold; }#ut_am_wrap_6a009f336ba32 { text-align: center; }@media (min-width: 768px) and (max-width: 1024px) { #ut_am_wrap_6a009f336ba32 { text-align: center !important; } }@media (max-width: 767px) { #ut_am_wrap_6a009f336ba32 { text-align: center !important; } }<\/style><div id=\"ut_am_wrap_6a009f336ba32\" class=\"ut-image-gallery-image  ut-reveal-fx ut-element-with-block-reveal\"><div id=\"ut_reveal_6a009f336ba33\" data-reveal-bgcolor=\"#13161b\" data-reveal-direction=\"rl\" data-reveal-duration=\"600\" data-reveal-delay=\"0\" data-appear-top-offset=\"auto\" class=\"ut-animated-image-item ut-image-gallery-item ut-animation-done ut-reveal-fx-element ut-block-reveal-hide\"><a data-exthumbimage=\"https:\/\/icestrategiasysolucionestributarias.com\/wp-content\/uploads\/2026\/04\/equipo-02-200x200.jpg\" href=\"https:\/\/icestrategiasysolucionestributarias.com\/wp-content\/uploads\/2026\/04\/equipo-02.jpg\" class=\"ut-vc-images-lightbox ut-wait-for-plugin\" data-title=\"IC Estrategias y Soluciones Tributarias\" data-caption=\"Expertos contables y tributarios comprometidos con la seguridad financiera de tu empresa. Tu tranquilidad es nuestra prioridad.\" data-caption-color=\"\" data-caption-background=\"\" data-force-caption=\"on\"><div class=\"ut-animated-image-zoom\"><img loading=\"lazy\" decoding=\"async\" class=\"ut-lazy skip-lazy ut-animated-image \"  id=\"ut_am_6a009f336ba31\" src=\"data:image\/svg+xml;charset=utf-8,%3Csvg xmlns%3D'http%3A%2F%2Fwww.w3.org%2F2000%2Fsvg' viewBox%3D'0 0 426 534'%2F%3E\" data-src=\"https:\/\/icestrategiasysolucionestributarias.com\/wp-content\/uploads\/2026\/04\/equipo-02-426x534.jpg\" width=\"426\" height=\"534\" alt=\"Picture of businessmen&#039;s hands on white table with documents, coffee and drafts\"\/><\/div><div data-image-caption class=\"ut-image-gallery-image-caption-style-2\"><div class=\"ut-image-gallery-item-caption-title-style-2\"><h3>IC Estrategias y Soluciones Tributarias<br \/><small>Expertos contables y tributarios comprometidos con la seguridad financiera de tu empresa. Tu tranquilidad es nuestra prioridad.<\/small><\/h3><\/div><\/div><\/a><\/div><\/div><\/div>[\/vc_column][\/vc_row][\/vc_section]<\/p>\n<\/div>","protected":false},"excerpt":{"rendered":"<p>[vc_section el_name=\u00bbAbout\u00bb][vc_row full_width=\u00bb\u00bb equal_height=\u00bbyes\u00bb content_placement=\u00bbmiddle\u00bb hide_bg_mobile=\u00bbtrue\u00bb delay=\u00bbtrue\u00bb css=\u00bb.vc_custom_1777089059830{margin-top: -150px !important;background-position: 0 0 !important;background-repeat: no-repeat !important;}\u00bb el_name=\u00bbRow has animation\u00bb effect=\u00bbfadeIn\u00bb][vc_column width=\u00bb1\/2&#8243; background_position=\u00bbleft top\u00bb hide_bg_mobile=\u00bbtrue\u00bb css=\u00bb.vc_custom_1616727130220{background-image: url(https:\/\/icestrategiasysolucionestributarias.com\/wp-content\/uploads\/2021\/03\/ut-dots-dark.svg?id=9686) !important;background-position: 0 0 !important;background-repeat: no-repeat !important;}\u00bb effect=\u00bbnone\u00bb offset=\u00bbvc_col-lg-6 vc_col-md-6 vc_col-sm-6 vc_col-xs-12&#8243; el_class=\u00bbwebsite-49-custom-box\u00bb][\/vc_column][vc_column width=\u00bb1\/2&#8243; css=\u00bb.vc_custom_1616080914246{padding-top: 0px !important;padding-right: 0px !important;padding-left: 0px !important;}\u00bb offset=\u00bbvc_col-lg-offset-1 vc_col-lg-5 vc_col-md-offset-1 vc_col-md-5 vc_col-sm-offset-1 vc_col-sm-5 vc_col-xs-12&#8243;][\/vc_column][\/vc_row][\/vc_section][vc_section el_name=\u00bbRecipe for Success\u00bb][vc_row [&hellip;]<\/p>\n","protected":false},"author":1,"featured_media":0,"parent":0,"menu_order":0,"comment_status":"closed","ping_status":"closed","template":"","meta":{"footnotes":""},"class_list":["post-4994","page","type-page","status-publish","hentry"],"_links":{"self":[{"href":"https:\/\/icestrategiasysolucionestributarias.com\/index.php?rest_route=\/wp\/v2\/pages\/4994","targetHints":{"allow":["GET"]}}],"collection":[{"href":"https:\/\/icestrategiasysolucionestributarias.com\/index.php?rest_route=\/wp\/v2\/pages"}],"about":[{"href":"https:\/\/icestrategiasysolucionestributarias.com\/index.php?rest_route=\/wp\/v2\/types\/page"}],"author":[{"embeddable":true,"href":"https:\/\/icestrategiasysolucionestributarias.com\/index.php?rest_route=\/wp\/v2\/users\/1"}],"replies":[{"embeddable":true,"href":"https:\/\/icestrategiasysolucionestributarias.com\/index.php?rest_route=%2Fwp%2Fv2%2Fcomments&post=4994"}],"version-history":[{"count":22,"href":"https:\/\/icestrategiasysolucionestributarias.com\/index.php?rest_route=\/wp\/v2\/pages\/4994\/revisions"}],"predecessor-version":[{"id":10147,"href":"https:\/\/icestrategiasysolucionestributarias.com\/index.php?rest_route=\/wp\/v2\/pages\/4994\/revisions\/10147"}],"wp:attachment":[{"href":"https:\/\/icestrategiasysolucionestributarias.com\/index.php?rest_route=%2Fwp%2Fv2%2Fmedia&parent=4994"}],"curies":[{"name":"wp","href":"https:\/\/api.w.org\/{rel}","templated":true}]}}